= 264 - -897. Suppose 0 = 7*d - 288 - h. What is the units digit of d?
7
Let r be 6 - (-7)/(28/16). Let c be 24/r*(-35)/(-14). Suppose c*k = 2*v + 2*k - 26, 2*v = -k + 1. What is the units digit of v?
3
Let n(i) = 7 - 3 - 90*i - 97*i. What is the units digit of n(-1)?
1
Suppose 0 = 83*g - 88*g + 4560. What is the units digit of g?
2
Let f(r) = r**3 + 3*r**2 - 2*r + 8. Let l be f(-4). Suppose 9*z - 15*z + 1380 = l. What is the hundreds digit of z?
2
Suppose 5*g + 5*y + 1135 = 0, 2*y = 5*g + 748 + 359. Let r = g + 315. What is the units digit of r?
2
Let i = -96 + 39. Suppose -5*u - 150 = 5*n, 0*n - n + u - 20 = 0. Let j = n - i. What is the units digit of j?
2
Let p(q) = 60*q + 10. What is the tens digit of p(6)?
7
Suppose -3*o + 5*q + 182 = -409, -394 = -2*o + 4*q. Suppose 0 = -4*c + 3*i + 851 + o, -514 = -2*c - i. What is the units digit of c?
9
Suppose 0 = -x + 10*x - 4122. What is the units digit of x?
8
Let f = 23 + 12. Suppose 1 + f = 3*p. Let z = 20 - p. What is the units digit of z?
8
Suppose -30*d + 31*d - 4151 = -2*v, d - 6228 = -3*v. What is the tens digit of v?
7
Let q(g) = -2*g**3 - 3*g**2 + 3*g - 1. Let v be q(-3). Let w = 26 - v. Suppose 5*y - w = 6. What is the units digit of y?
3
Suppose -151 = -2*d - 25. Suppose u - 48 = d. What is the hundreds digit of u?
1
Suppose 0 = -2*f + 1 + 3. Suppose 0 = 5*y - 15, -3*d + y + f*y + 396 = 0. What is the units digit of d?
5
Let g(w) = -2*w**2 + 12*w - 43. Let v(l) = l**2 - 4*l + 14. Let x(j) = 3*g(j) + 8*v(j). What is the units digit of x(9)?
1
Let c(d) = -d**2 + 8. Let a be c(0). Let g be (-5 + -1)*(-10)/20. Suppose -a*s = -g*s - 110. What is the units digit of s?
2
Suppose -3*w + 570 = -2181. What is the units digit of w?
7
Let i(s) = -2*s - 3. Let x be i(-3). Let q = 281 - 129. Suppose -q = -x*w - w. What is the units digit of w?
8
Let j(z) = 3 - z**2 + 5*z + 5*z - 9. Suppose -6*n = -2*n - 32. What is the units digit of j(n)?
0
What is the thousands digit of 1/(5/17405) + -8?
3
Let t(a) = -a**3 + 17*a**2 - 30*a + 30. What is the units digit of t(11)?
6
Let c(f) = -29*f + 4. Let b be c(3). Let a = b + 130. What is the tens digit of a?
4
Suppose 0 = 5*u - 3 + 13. Let y(n) be the first derivative of -17*n**2/2 - 3*n - 2. What is the units digit of y(u)?
1
Suppose m + 2*o = -5, 0 = -5*m - 2*o + 7. Suppose -52 = -3*d - 2*n, -5*d + 2*n - m*n = -82. What is the units digit of d/(-72) - 562/(-18)?
1
Let k(q) = -q + 1. Suppose -3*l + l = -6. Let g be k(l). What is the tens digit of (-54)/(-3)*(g - -4)?
3
Let n(f) = -3 + 3 - 3*f + 2 + 1. What is the tens digit of n(-8)?
2
Let q be -514*3/(-2) - 3. What is the hundreds digit of q/(-16)*26/(-4)?
3
Let k(o) = 4*o + 7. Let r be k(-9). Let t(s) = -s**3 + 11*s**2 + 6*s - 11. Let n be t(11). Let z = n + r. What is the tens digit of z?
2
Let y = -107 - -189. Let p = y + -57. What is the units digit of p?
5
Let m(z) = 12*z**2 - 15*z - 55. What is the tens digit of m(-6)?
6
Suppose -5*l = c + 3, -3*l + c - 1 = -4. Suppose -7*p + 370 + 190 = l. What is the tens digit of p?
8
Let a(d) = -d**3 + 17*d**2 + 32*d - 45. What is the units digit of a(17)?
9
Let n = -33 - 573. Let v = -415 - n. What is the tens digit of v?
9
Suppose -320 = -2*d - 2*s - 3*s, -s = -d + 174. Suppose -27*p - d = -28*p. What is the tens digit of p?
7
Suppose -i = 4*i + 10. Let v be -3 + 2 - (i - 1). Suppose -z - 4*c + 0 = -26, 22 = v*z + 2*c. What is the units digit of z?
6
Suppose -3*q = -9, 3*g + 5*q = -0*g + 27. Suppose 0 = -x - x + 6. Suppose -u = -g*u + x. What is the units digit of u?
1
Let r(v) = -2*v + 10. Let h be r(5). Suppose h*n = 5*n + 15. What is the units digit of -1 + (n - 0)*-1?
2
Suppose 0 = 23*n - 47870 + 2146. What is the hundreds digit of n?
9
Let y(f) = f**3 - 10*f**2 - 10*f - 8. Let p be y(11). Suppose 2*x = -j + 53, -p*x + 3*j = 2*x - 149. What is the units digit of x?
8
Suppose -1702 = -5*g - 4*k, k - 27 + 24 = 0. What is the units digit of g?
8
Let p be (-4)/(-5)*(29 - -1). What is the tens digit of p/10*-3*100/(-18)?
4
Suppose -c = -3*d - 2*d - 5, 3*c = -3*d - 3. Let l(n) = -18*n - 4. Let p(s) = 6*s + 1. Let f(b) = -2*l(b) - 7*p(b). What is the units digit of f(d)?
7
Let p(b) be the third derivative of -b**5/120 + b**3/3 - 5*b**2. Let v(n) be the first derivative of p(n). What is the units digit of v(-14)?
4
Suppose 3*b - 800 - 100 = 0. Suppose b = 2*m - 2*u, 0 = -0*m - 4*m - 4*u + 624. What is the units digit of m?
3
Suppose -28998 = l - 28*l. What is the tens digit of l?
7
What is the units digit of (-18)/21*(34 - 41)?
6
Suppose 6*r - 2*r - 2*l = 70, -4*r = -3*l - 71. Suppose -5*s = -877 + r. What is the hundreds digit of s?
1
Let z = 717 - -345. What is the tens digit of z?
6
Let s(b) = -35*b - 2. Let a be s(-2). Let y = a - 24. What is the tens digit of y?
4
Let m(t) = -4*t**2 - 7*t. Let c(o) = -5 + 8*o + 3*o**2 + 4 - 2 + 2. Let r(f) = -3*c(f) - 4*m(f). What is the tens digit of r(-2)?
2
Suppose -4*b + 0*v + 61 = v, -2*b = -5*v - 47. Suppose 2*k = 4*k - b. Suppose -84 = -k*m + 4*m. What is the units digit of m?
1
What is the hundreds digit of (-1 + -4)*2806/(-10)?
4
Let h = 3398 + -629. What is the units digit of h?
9
Suppose a - 1 = 0, -3*s + a = -0*a - 17. Suppose -s*r + 2*r - 8 = 0. Let g(q) = 2*q**2 - 3*q - 2. What is the units digit of g(r)?
2
What is the tens digit of (-3 - -2)*-167 - 3 - 3?
6
Let q = 2854 - 1521. What is the thousands digit of q?
1
Let f be (1 - 5)/(2/(-3)). Let h(g) = 2*g**2 - 6*g + 3. Let z be h(f). Suppose -3 + z = 4*y. What is the units digit of y?
9
Suppose -2*w - 13 - 3 = 0. Let i be (8/(-2))/(w/(-28)). Let q = -8 - i. What is the units digit of q?
6
Suppose 75*m = 81*m - 4320. What is the hundreds digit of m?
7
Let b(r) = -r + 8*r**2 - 1 + 5*r + r**3 - 2*r. What is the tens digit of b(-7)?
3
Let g = -6687 - -10174. What is the units digit of g?
7
What is the units digit of (6 - 1)/(-5) - -2*1?
1
Let h(f) be the first derivative of 2*f**3/3 - 2*f + 11. What is the units digit of h(2)?
6
Let w = 750 + 1126. What is the units digit of w?
6
Let q(z) = 2*z**2 + 3*z - 2. Suppose -2*i - 38 = -4*i. Let b = -22 + i. What is the units digit of q(b)?
7
Suppose -11*n = 439 - 4685. What is the tens digit of n?
8
Suppose 0 = -0*i + 5*i - 5, u - 182 = 4*i. Suppose 0 = 4*p - 10 - u. What is the units digit of p?
9
Let z = -8 + 13. Let n(u) = 7*u**3 - 5*u**2 - 3*u + 3. Let b(k) = 11*k**3 - 7*k**2 - 5*k + 5. Let v(j) = -5*b(j) + 8*n(j). What is the units digit of v(z)?
4
Let z(q) = -q**2 + 10*q - 4. Let x be z(9). Suppose -x*w = -2*w - 72. What is the tens digit of w?
2
Let o(a) = 23*a**2 - 21*a - 150. What is the tens digit of o(-9)?
0
Suppose -3*z - 6 = -3*r + 9, -3*r - 2*z + 30 = 0. Let s be -3 - (-3 + -2) - r. Let a = s + 23. What is the tens digit of a?
1
Let f = -73 - -184. What is the hundreds digit of f?
1
Suppose y = -5, 4*c - 573 - 749 = 2*y. What is the hundreds digit of c?
3
Let a(s) = s**2 + 8*s - 20. Let h be a(11). Suppose 16*q + h = 17*q. What is the units digit of q?
9
Let j(n) = 2 + 187*n**2 - 186*n**2 + 2. Let m be j(5). Let p = m - 11. What is the tens digit of p?
1
Suppose 3484 + 2244 = 4*j + 4*m, -2864 = -2*j + 2*m. What is the units digit of j?
2
Let z(p) = -p**3 + 7*p**2 - 4*p - 6. Let i be z(6). Let m = i - 10. Let x = 16 + m. What is the tens digit of x?
1
Let t(v) = v**3 + 4*v**2 - v + 9. Let o be t(-4). Suppose -12*f - 43 = -o*f. What is the units digit of f?
3
Let s(i) = -i**2 - 3*i + 2. Let n be s(-3). Suppose -x - 1 + n = 0. What is the units digit of x?
1
Let x = -127 + 129. What is the tens digit of (-8 - 7)*(x/(-2) + 0)?
1
Let p be (66/(-8))/((-12)/32). Let a be p/(-33) + (-10)/(-6). What is the tens digit of (-14)/((a + -2)*1)?
1
Suppose 4*i - d = 4448, 0 = i - 3*d - 785 - 316. What is the thousands digit of i?
1
Suppose -5*g + 4*f + 5230 = 0, 9*g + f + 5215 = 14*g. What is the tens digit of g?
4
Suppose 0 = 2*y + 2*y + 3*z + 164, -4*z - 92 = 2*y. Let w(n) = -5*n**2 + 3*n - 5. Let d be w(4). Let o = y - d. What is the units digit of o?
5
Let f(a) = -a - 18. Let d(l) = 2*l + 17. Let q(y) = -2*d(y) - 3*f(y). Let c(t) = t**2 + 17*t - 27. Let x be c(-19). What is the units digit of q(x)?
9
Suppose 2464 = 2*c + 5*g, -c + g + 36 = -1210. What is the units digit of c?
2
Let g(y) = -11*y + 0 - y**2 - 5*y**2 + 1 